{"id":207,"date":"2025-01-09T10:33:12","date_gmt":"2025-01-09T09:33:12","guid":{"rendered":"https:\/\/nietuzinkowi.pl\/?page_id=207"},"modified":"2025-01-13T20:09:37","modified_gmt":"2025-01-13T19:09:37","slug":"kurs-jezyka-slaskiego","status":"publish","type":"page","link":"https:\/\/nietuzinkowi.pl\/?page_id=207","title":{"rendered":"Nietuzinkowe Czechy"},"content":{"rendered":"\n<p class=\"has-text-align-center\">Organizujemy firmowe wycieczki, eventy oraz imprezy integracyjne w Czechach.<br>Wsp\u00f3\u0142pracujemy z licencjonowanym biurem podr\u00f3\u017cy oraz najlepszymi przewodnikami w pradze.<br>Proponujemy nietuzinkowe atrakcje i przygody.<br>Z piwnymi ekspertami odwiedzamy kultowe browary, Degustujemy czeskie piwo w tradycyjnych gospodach, Uczestniczymy w kursach kiperskich i biesiadach.<br>dobrze si\u0119 bawimy.<br>Tylko dla os\u00f3b pe\u0142noletnich.<\/p>\n","protected":false},"excerpt":{"rendered":"<p>Organizujemy firmowe wycieczki, eventy oraz imprezy integracyjne w Czechach.Wsp\u00f3\u0142pracujemy z licencjonowanym biurem podr\u00f3\u017cy oraz najlepszymi przewodnikami w pradze.Proponujemy nietuzinkowe atrakcje i przygody.Z piwnymi ekspertami odwiedzamy kultowe browary, Degustujemy czeskie piwo w tradycyjnych gospodach, Uczestniczymy w kursach kiperskich i biesiadach.dobrze si\u0119 bawimy.Tylko dla os\u00f3b pe\u0142noletnich.<\/p>\n","protected":false},"author":1,"featured_media":84,"parent":0,"menu_order":9,"comment_status":"closed","ping_status":"closed","template":"test2","meta":{"_monsterinsights_skip_tracking":false,"_monsterinsights_sitenote_active":false,"_monsterinsights_sitenote_note":"","_monsterinsights_sitenote_category":0,"footnotes":""},"class_list":["post-207","page","type-page","status-publish","has-post-thumbnail","hentry"],"_links":{"self":[{"href":"https:\/\/nietuzinkowi.pl\/index.php?rest_route=\/wp\/v2\/pages\/207","targetHints":{"allow":["GET"]}}],"collection":[{"href":"https:\/\/nietuzinkowi.pl\/index.php?rest_route=\/wp\/v2\/pages"}],"about":[{"href":"https:\/\/nietuzinkowi.pl\/index.php?rest_route=\/wp\/v2\/types\/page"}],"author":[{"embeddable":true,"href":"https:\/\/nietuzinkowi.pl\/index.php?rest_route=\/wp\/v2\/users\/1"}],"replies":[{"embeddable":true,"href":"https:\/\/nietuzinkowi.pl\/index.php?rest_route=%2Fwp%2Fv2%2Fcomments&post=207"}],"version-history":[{"count":2,"href":"https:\/\/nietuzinkowi.pl\/index.php?rest_route=\/wp\/v2\/pages\/207\/revisions"}],"predecessor-version":[{"id":443,"href":"https:\/\/nietuzinkowi.pl\/index.php?rest_route=\/wp\/v2\/pages\/207\/revisions\/443"}],"wp:featuredmedia":[{"embeddable":true,"href":"https:\/\/nietuzinkowi.pl\/index.php?rest_route=\/wp\/v2\/media\/84"}],"wp:attachment":[{"href":"https:\/\/nietuzinkowi.pl\/index.php?rest_route=%2Fwp%2Fv2%2Fmedia&parent=207"}],"curies":[{"name":"wp","href":"https:\/\/api.w.org\/{rel}","templated":true}]}}