{"id":238,"date":"2025-01-10T11:14:44","date_gmt":"2025-01-10T10:14:44","guid":{"rendered":"https:\/\/nietuzinkowi.pl\/?page_id=238"},"modified":"2025-01-13T20:01:46","modified_gmt":"2025-01-13T19:01:46","slug":"polish-in-30-minutes","status":"publish","type":"page","link":"https:\/\/nietuzinkowi.pl\/?page_id=238","title":{"rendered":"Polish in 30 minutes"},"content":{"rendered":"\n<p class=\"has-text-align-center\">Atrakcja dla obcoj\u0119zycznych grup przyjazdowych.<br>wy\u0142\u0105cznie w j\u0119zyku angielskim.<br>Podczas wyst\u0119pu i warsztat\u00f3w, balansuj\u0105cych na granicy<br>stand-upu, one man show oraz kursu j\u0119zykowego,<br>go\u015bcie poznaj\u0105 podstawowe zwroty w j\u0119zyku polskim, <br>geografi\u0119, histori\u0119, zabawne ciekawostki o Polsce.<br>Odpowiednia dawka humoru i wiedzy <br>na rozpocz\u0119cie lub zako\u0144czenie pobytu<br>w kraju nad Wis\u0142\u0105.<\/p>\n","protected":false},"excerpt":{"rendered":"<p>Atrakcja dla obcoj\u0119zycznych grup przyjazdowych.wy\u0142\u0105cznie w j\u0119zyku angielskim.Podczas wyst\u0119pu i warsztat\u00f3w, balansuj\u0105cych na granicystand-upu, one man show oraz kursu j\u0119zykowego,go\u015bcie poznaj\u0105 podstawowe zwroty w j\u0119zyku polskim, geografi\u0119, histori\u0119, zabawne ciekawostki o Polsce.Odpowiednia dawka humoru i wiedzy na rozpocz\u0119cie lub zako\u0144czenie pobytuw kraju nad Wis\u0142\u0105.<\/p>\n","protected":false},"author":1,"featured_media":36,"parent":0,"menu_order":2,"comment_status":"closed","ping_status":"closed","template":"test2","meta":{"_monsterinsights_skip_tracking":false,"_monsterinsights_sitenote_active":false,"_monsterinsights_sitenote_note":"","_monsterinsights_sitenote_category":0,"footnotes":""},"class_list":["post-238","page","type-page","status-publish","has-post-thumbnail","hentry"],"_links":{"self":[{"href":"https:\/\/nietuzinkowi.pl\/index.php?rest_route=\/wp\/v2\/pages\/238","targetHints":{"allow":["GET"]}}],"collection":[{"href":"https:\/\/nietuzinkowi.pl\/index.php?rest_route=\/wp\/v2\/pages"}],"about":[{"href":"https:\/\/nietuzinkowi.pl\/index.php?rest_route=\/wp\/v2\/types\/page"}],"author":[{"embeddable":true,"href":"https:\/\/nietuzinkowi.pl\/index.php?rest_route=\/wp\/v2\/users\/1"}],"replies":[{"embeddable":true,"href":"https:\/\/nietuzinkowi.pl\/index.php?rest_route=%2Fwp%2Fv2%2Fcomments&post=238"}],"version-history":[{"count":2,"href":"https:\/\/nietuzinkowi.pl\/index.php?rest_route=\/wp\/v2\/pages\/238\/revisions"}],"predecessor-version":[{"id":449,"href":"https:\/\/nietuzinkowi.pl\/index.php?rest_route=\/wp\/v2\/pages\/238\/revisions\/449"}],"wp:featuredmedia":[{"embeddable":true,"href":"https:\/\/nietuzinkowi.pl\/index.php?rest_route=\/wp\/v2\/media\/36"}],"wp:attachment":[{"href":"https:\/\/nietuzinkowi.pl\/index.php?rest_route=%2Fwp%2Fv2%2Fmedia&parent=238"}],"curies":[{"name":"wp","href":"https:\/\/api.w.org\/{rel}","templated":true}]}}