{"id":350,"date":"2025-01-09T21:24:58","date_gmt":"2025-01-09T20:24:58","guid":{"rendered":"https:\/\/nietuzinkowi.pl\/?page_id=350"},"modified":"2025-01-13T20:10:06","modified_gmt":"2025-01-13T19:10:06","slug":"wytrawna-nuta","status":"publish","type":"page","link":"https:\/\/nietuzinkowi.pl\/?page_id=350","title":{"rendered":"wytrawna nuta"},"content":{"rendered":"\n<p class=\"has-text-align-center\">Precyzyjnie, z gracj\u0105, w dobrym tonie i skali, wype\u0142niamy przestrze\u0144 muzyk\u0105 klasyczn\u0105, smooth jazz lub chillout.<br>Proponujemy playlist\u0119 bez muzyki pop, rock i dance.<br>Unikamy aktualnych przeboj\u00f3w oraz klasycznych hit\u00f3w oldies<br>z rozg\u0142o\u015bni radiowych.<br>Na spotkania i kolacje biznesowe, konferencje oraz gale.<br>R\u00f3wnie\u017c z profesjonalnym komentarzem i obs\u0142ug\u0105 spotkania.<br>zapewniamy najlepszy sprz\u0119t, nag\u0142o\u015bnienie i mikrofony.<\/p>\n","protected":false},"excerpt":{"rendered":"<p>Precyzyjnie, z gracj\u0105, w dobrym tonie i skali, wype\u0142niamy przestrze\u0144 muzyk\u0105 klasyczn\u0105, smooth jazz lub chillout.Proponujemy playlist\u0119 bez muzyki pop, rock i dance.Unikamy aktualnych przeboj\u00f3w oraz klasycznych hit\u00f3w oldiesz rozg\u0142o\u015bni radiowych.Na spotkania i kolacje biznesowe, konferencje oraz gale.R\u00f3wnie\u017c z profesjonalnym komentarzem i obs\u0142ug\u0105 spotkania.zapewniamy najlepszy sprz\u0119t, nag\u0142o\u015bnienie i mikrofony.<\/p>\n","protected":false},"author":1,"featured_media":46,"parent":0,"menu_order":8,"comment_status":"closed","ping_status":"closed","template":"test2","meta":{"_monsterinsights_skip_tracking":false,"_monsterinsights_sitenote_active":false,"_monsterinsights_sitenote_note":"","_monsterinsights_sitenote_category":0,"footnotes":""},"class_list":["post-350","page","type-page","status-publish","has-post-thumbnail","hentry"],"_links":{"self":[{"href":"https:\/\/nietuzinkowi.pl\/index.php?rest_route=\/wp\/v2\/pages\/350","targetHints":{"allow":["GET"]}}],"collection":[{"href":"https:\/\/nietuzinkowi.pl\/index.php?rest_route=\/wp\/v2\/pages"}],"about":[{"href":"https:\/\/nietuzinkowi.pl\/index.php?rest_route=\/wp\/v2\/types\/page"}],"author":[{"embeddable":true,"href":"https:\/\/nietuzinkowi.pl\/index.php?rest_route=\/wp\/v2\/users\/1"}],"replies":[{"embeddable":true,"href":"https:\/\/nietuzinkowi.pl\/index.php?rest_route=%2Fwp%2Fv2%2Fcomments&post=350"}],"version-history":[{"count":2,"href":"https:\/\/nietuzinkowi.pl\/index.php?rest_route=\/wp\/v2\/pages\/350\/revisions"}],"predecessor-version":[{"id":452,"href":"https:\/\/nietuzinkowi.pl\/index.php?rest_route=\/wp\/v2\/pages\/350\/revisions\/452"}],"wp:featuredmedia":[{"embeddable":true,"href":"https:\/\/nietuzinkowi.pl\/index.php?rest_route=\/wp\/v2\/media\/46"}],"wp:attachment":[{"href":"https:\/\/nietuzinkowi.pl\/index.php?rest_route=%2Fwp%2Fv2%2Fmedia&parent=350"}],"curies":[{"name":"wp","href":"https:\/\/api.w.org\/{rel}","templated":true}]}}